ed by x?
8
Let k = 26 + -21. Suppose -4*a = 4*g - 56, -4 = -k*g - 19. Calculate the remainder when 26 is divided by a.
9
Suppose -3*o - 2*o + 90 = 0. Suppose -4*l + 38 = -o. What is the remainder when 27 is divided by l?
13
Suppose 3*h - 4*y - 69 = -0*y, -147 = -5*h - 4*y. Let q = -13 + 23. What is the remainder when h is divided by q?
7
Suppose -12*u = 3*j - 9*u - 108, u = -3*j + 104. What is the remainder when j is divided by 22?
12
Let u(k) = 2*k**2 - 4*k**2 - 38 + 23*k - 2*k + k**2. Suppose 0 = -s + 51 + 6. What is the remainder when s is divided by u(17)?
27
Suppose -5*p + 9*p = 200. What is the remainder when 68 is divided by p?
18
Suppose 2*v = 10, -5*v + 39 + 24 = 2*w. Let d(u) = u**3 - 5*u**2 + 3*u + 1. Let c be d(6). Suppose 4*q = -q + c. Calculate the remainder when w is divided by q.
8
What is the remainder when 12/((-48)/190)*-2 is divided by 43?
9
Calculate the remainder when 308 - ((-7)/(-8) - (-4)/32) is divided by 39.
34
Let z(l) = l**3 - 3*l**2 - 2*l + 2. Suppose s = -9 + 24. What is the remainder when z(5) is divided by s?
12
Suppose -3*g = 5*p - 33, 0 = 3*p - 38*g + 41*g - 21. Calculate the remainder when 366 is divided by p.
0
Let q(l) = 6*l**2 - 4*l - 18. What is the remainder when q(8) is divided by 108?
10
Let m(u) = u**3 - 15*u**2 - 13*u - 15. Let t(j) = 11*j - 6. Let k be t(2). Calculate the remainder when 98 is divided by m(k).
32
Suppose -5*l = -20, j + l = -4*l + 38. What is the remainder when 52 is divided by j?
16
Suppose 3*c - 5*c = 6. Let o = c - -10. Calculate the remainder when (-109)/(-4) + (-4)/16 is divided by o.
6
Let v(w) = w**3 + 11*w**2 - 2*w - 5. Let d be v(-6). Let o = 341 - d. What is the remainder when o is divided by 39?
37
Let j(o) = 10*o - 1. Let v be j(-20). Let i = v - -389. What is the remainder when i is divided by 38?
36
Let g be (-3 - (-1 + 2)) + 39. Let p = g + -17. What is the remainder when 50 is divided by p?
14
Suppose 3*r = -3*u + r - 16, -4*u - 3*r - 22 = 0. Let b(x) = 5*x + 2*x**2 - x**3 + 1 + x + x**2. What is the remainder when b(u) is divided by 18?
17
Let t = 30 - -13. Suppose 0 = 2*u + 2*o + o - t, -3*u - 3*o = -66. Calculate the remainder when 89 is divided by u.
20
Suppose -2*l = -4*j + 232, 5*j - l + 5*l = 290. What is the remainder when j is divided by 16?
10
Calculate the remainder when 4/(-14) + (-132)/77 + 115 is divided by 20.
13
Suppose 4*w - 3*g - 1927 = -w, -1129 = -3*w - 5*g. Calculate the remainder when w is divided by 116.
35
Let l(a) = -a**2 + 8*a + 2. Let j(k) be the third derivative of -4*k**6/15 - k**3/6 + 6*k**2. Calculate the remainder when j(-1) is divided by l(5).
14
Suppose 0 = -v - 4*v + 55. Let m(s) = s**3 - 10*s**2 - 4*s - 13. What is the remainder when m(v) is divided by 22?
20
Suppose 5*d - 5*l - 215 = 0, 0 = -5*d + d - 2*l + 202. Suppose 0 = -4*q + 2*q + d. Suppose -104 = -4*g + 84. What is the remainder when g is divided by q?
23
Suppose 39*z + 405 = 48*z. What is the remainder when z is divided by 19?
7
Suppose d = -2*x - 0*x + 7, 0 = -4*d - 2*x + 40. Suppose -d*w + 15*w = 144. Calculate the remainder when 142 is divided by w.
34
Let f(p) = 10*p - 10. Let h(u) = 120*u - 120. Let t(n) = 25*f(n) - 2*h(n). What is the remainder when 119 is divided by t(4)?
29
Let g(r) = -r + 7. Let w be g(6). Let m = 5 + w. Suppose 2*c - m*c = -104. Calculate the remainder when 101 is divided by c.
23
Let f be (9504/15 - 2) + 8/20. Let c = f - 317. What is the remainder when c is divided by 53?
50
Let g(j) = 31*j - 67. What is the remainder when g(4) is divided by 23?
11
Suppose -39 - 131 = -5*t. Calculate the remainder when 91 is divided by t.
23
Let l = -123 + 138. Calculate the remainder when 282 is divided by l.
12
Let j(r) = r**3 + 5*r**2 + 8*r - 6. Let c be j(-6). Let z = -73 - c. What is the remainder when z is divided by 6?
5
Let n(c) = -c**2 - 3*c - 3. Let i be n(4). Let v = -20 - i. Let o(w) = -2*w**2 - 36*w - 49. Calculate the remainder when o(-15) is divided by v.
8
Suppose 7 - 10 = 3*q. What is the remainder when q/6 + 0 + (-1554)/(-36) is divided by (-56)/(-6) + 1/(-3)?
7
Suppose l = 9 - 4. Suppose 0*o + 4*o + l*x = 64, 5*x + 64 = 4*o. What is the remainder when o is divided by 7?
2
Let o = 799 - 564. Suppose p = 5*w - o, 2*w - 5*p - 94 = -0*p. What is the remainder when w is divided by 6?
5
Let o(a) be the third derivative of -7*a**4/8 + 2*a**3/3 + 4*a**2. Let f(t) = -t**2 - 9*t + 8. Calculate the remainder when o(-2) is divided by f(-8).
14
Let h = 0 + 14. Suppose 0 = y - h + 43. Let b = -14 - y. What is the remainder when 43 is divided by b?
13
Suppose -15*x + 408 = -12*x. Suppose -6*a + x = 4. Calculate the remainder when 87 is divided by a.
21
What is the remainder when 71 is divided by (6/(-12))/(2 + (-74)/36)?
8
Let q(w) = -w**2 + 8*w + 2. Suppose 3*h + 26 = -25. Let d = h + 25. Calculate the remainder when 5 is divided by q(d).
1
Suppose -3*v - 477 = -2*t - 3*t, -5*t + 2*v = -473. Calculate the remainder when t is divided by 49.
44
Suppose -2 = -2*d + 4*h, -d + h + 13 = 2*d. Suppose -4*a + 8*a + d*r = 57, -4*a = -2*r - 22. Calculate the remainder when ((-1)/(3/(-138)))/2 is divided by a.
7
Let c = 64 - 41. Suppose u - 5*g - c = 7, 0 = 4*u + 2*g - 54. What is the remainder when 42 is divided by u?
12
Let c(x) = x**2 - 36*x + 18. What is the remainder when c(37) is divided by 15?
10
Let u = 224 + -136. What is the remainder when u is divided by 18?
16
Let l = 696 - 678. What is the remainder when 62 is divided by l?
8
Let r = -27 - -19. Let k(c) = -c**3 - 6*c**2 + 11*c - 10. What is the remainder when k(r) is divided by 11?
8
Suppose 0 = 5*d - 572 - 118. Suppose -d = -3*z - 3*z. Calculate the remainder when z is divided by 6.
5
Let k(f) = f**3 - 5*f**2 - f. Let h be k(6). Suppose 0 = -m - 0*m + h. Let j = m - 6. Calculate the remainder when 46 is divided by j.
22
Suppose -4*j + 158 = -2*r - 40, 0 = 3*j + 3*r - 135. Calculate the remainder when j is divided by (-35)/(-5) + 0*2/(-6).
6
Suppose 2*d = -0*d. What is the remainder when 62 is divided by 3 + d + 18/1?
20
Suppose 0 = -4*j + l + 7 + 45, 5*l + 36 = 4*j. Calculate the remainder when 139 is divided by j.
13
Let p = -193 - -229. Calculate the remainder when 138 is divided by p.
30
Let q(z) = 2*z**3 - 28*z**2 + 11*z - 76. What is the remainder when q(14) is divided by 27?
24
Let m(u) = 0*u**3 - 6*u + 17*u - 1 + u**3 - 3*u - 5*u**2. What is the remainder when m(6) is divided by 28?
27
Let p(s) = 29*s. Suppose -3*n + 0*n - 5*g - 7 = 0, -4*n = 2*g. What is the remainder when 81 is divided by p(n)?
23
Let r be (-3 - -1)*(-6)/4. Suppose r*w - 9 - 24 = 0. Calculate the remainder when 8/6*1305/60 is divided by w.
7
Let t(m) = 3*m**3 - 12*m**2 + 7*m + 12. Calculate the remainder when t(5) is divided by 32.
26
Suppose -821 - 427 = -6*s. Let i be (-2)/6 + s/48. What is the remainder when 71 + (-9)/3 + i is divided by 37?
35
Suppose -30*b - 786 = -33*b. What is the remainder when b is divided by 44?
42
Suppose -3*w - 91 = -10*w. What is the remainder when 569 is divided by w?
10
Calculate the remainder when 54 - 6*4/6 is divided by 44.
6
Suppose 0*j - 685 = -3*j + i, -2*j = 2*i - 454. Suppose -76 = 4*k + j. Let m = k + 107. Calculate the remainder when m is divided by 11.
9
Let t(r) = -3 + 1 + 5 - 20*r - 6. Let a = -12 + 17. What is the remainder when t(-1) is divided by a?
2
Suppose -105*i + 130*i - 2325 = 0. Calculate the remainder when i is divided by 15.
3
Let w = 2003 + -1943. Suppose n + 32 = 3*n. Calculate the remainder when w is divided by n.
12
What is the remainder when 67 is divided by (9 + (-56)/6)*(-1 + -41)?
11
Calculate the remainder when 4 - (3 + (-3 + -2692 - 2)) is divided by 18.
16
Let b = -11 - -13. Suppose b*v + 2*p = 16, -v + 11 = 3*v - 3*p. Calculate the remainder when (-1 - 15/6)*-4 is divided by v.
4
What is the remainder when 134 is divided by ((-102)/15 - -5)/(3/(-40))?
14
Let f = 3074 + -3065. Let c(i) be the second derivative of i**4/2 + i**2/2 + i. Calculate the remainder when c(-2) is divided by f.
7
Let y(q) = -12*q + 185. What is the remainder when 347 is divided by y(13)?
28
Let w(s) = s**2 - 24*s + 15. Let x be w(31). Let p(y) = -14*y - 2. Let h be p(-5). Suppose -2*b + x = h. Calculate the remainder when b is divided by 17.
14
Suppose -95 = 4*d - 5*v, d - 6*d - 2*v